at is the greatest common divisor of 5 and 8?
1
Calculate the highest common divisor of 56 and 52.
4
Calculate the highest common factor of 65 and 104.
13
What is the greatest common factor of 21291 and 141?
141
Calculate the highest common divisor of 675 and 891.
27
Calculate the highest common divisor of 3 and 11757.
3
What is the highest common factor of 752 and 32?
16
Calculate the greatest common divisor of 20059 and 13.
13
Calculate the highest common factor of 54 and 162.
54
Calculate the greatest common divisor of 280 and 175.
35
What is the greatest common factor of 2205 and 45?
45
Calculate the highest common divisor of 196 and 14308.
196
What is the highest common divisor of 64 and 88?
8
Calculate the highest common divisor of 217 and 1127.
7
What is the highest common divisor of 377 and 65?
13
Calculate the highest common divisor of 24157 and 87.
29
Calculate the highest common divisor of 1886 and 82.
82
Calculate the highest common divisor of 384 and 2064.
48
What is the greatest common factor of 19313 and 217?
217
Calculate the highest common divisor of 45 and 225.
45
What is the greatest common divisor of 42 and 35?
7
Calculate the highest common divisor of 10 and 146.
2
What is the greatest common factor of 11377 and 31?
31
Calculate the greatest common divisor of 210 and 490.
70
Calculate the greatest common divisor of 86 and 7439.
43
What is the highest common factor of 5 and 125?
5
Calculate the highest common factor of 27 and 171.
9
Calculate the greatest common factor of 89 and 3.
1
What is the highest common divisor of 372 and 2108?
124
Calculate the greatest common divisor of 5 and 2.
1
What is the greatest common divisor of 1518 and 46?
46
Calculate the highest common divisor of 67 and 26599.
67
Calculate the greatest common divisor of 16 and 424.
8
What is the highest common divisor of 32 and 9808?
16
Calculate the highest common factor of 31 and 25079.
31
Calculate the greatest common factor of 2160 and 1680.
240
What is the greatest common divisor of 206 and 5459?
103
What is the highest common divisor of 2394 and 84?
42
Calculate the greatest common divisor of 10 and 215.
5
Calculate the greatest common divisor of 30 and 78885.
15
Calculate the highest common divisor of 1134 and 4032.
126
Calculate the highest common factor of 51 and 1241.
17
What is the greatest common divisor of 1244 and 8?
4
What is the highest common factor of 198 and 18?
18
Calculate the highest common factor of 2502 and 306.
18
Calculate the greatest common factor of 5221 and 115.
23
What is the greatest common factor of 292 and 1095?
73
What is the highest common factor of 54 and 24?
6
What is the greatest common divisor of 1334 and 116?
58
Calculate the highest common divisor of 63 and 5229.
63
What is the highest common divisor of 247 and 19?
19
Calculate the greatest common divisor of 61 and 122.
61
Calculate the greatest common factor of 175 and 9800.
175
What is the greatest common divisor of 49 and 301?
7
Calculate the highest common divisor of 58 and 1334.
58
Calculate the greatest common factor of 108 and 4482.
54
Calculate the greatest common factor of 2552 and 696.
232
What is the greatest common divisor of 238 and 42?
14
What is the highest common divisor of 133 and 665?
133
What is the greatest common divisor of 59 and 2183?
59
Calculate the highest common divisor of 841 and 29.
29
What is the highest common factor of 1617 and 33?
33
What is the highest common factor of 23 and 3749?
23
Calculate the greatest common factor of 15 and 480.
15
Calculate the highest common factor of 12 and 318.
6
What is the greatest common divisor of 259 and 999?
37
Calculate the greatest common divisor of 150 and 10650.
150
What is the greatest common divisor of 198 and 72?
18
What is the highest common divisor of 2440 and 180?
20
Calculate the highest common divisor of 366 and 305.
61
What is the greatest common divisor of 21 and 987?
21
What is the greatest common divisor of 141 and 3?
3
Calculate the greatest common factor of 665 and 105.
35
What is the greatest common divisor of 243 and 405?
81
What is the highest common factor of 24 and 300?
12
What is the highest common divisor of 62 and 775?
31
What is the highest common factor of 712 and 445?
89
Calculate the highest common divisor of 14817 and 165.
33
What is the highest common factor of 14514 and 18?
6
Calculate the highest common factor of 833 and 147.
49
What is the highest common factor of 17 and 6596?
17
What is the greatest common factor of 2079 and 243?
27
Calculate the highest common divisor of 497 and 213.
71
What is the greatest common divisor of 102 and 12?
6
Calculate the highest common divisor of 1189 and 29.
29
Calculate the greatest common divisor of 4 and 26.
2
What is the highest common factor of 638 and 1363?
29
Calculate the highest common divisor of 399 and 38.
19
What is the greatest common divisor of 20 and 295?
5
Calculate the greatest common factor of 3570 and 70.
70
Calculate the highest common divisor of 48 and 368.
16
Calculate the highest common divisor of 207 and 9.
9
What is the highest common factor of 23845 and 95?
95
What is the highest common divisor of 24 and 108?
12
What is the highest common factor of 45 and 20?
5
Calculate the highest common factor of 157 and 53851.
157
What is the highest common factor of 3192 and 1792?
56
Calculate the greatest common factor of 729 and 54.
27
What is the greatest common factor of 12 and 4?
4
Calculate the highest common factor of 558 and 432.
18
Calculate the greatest common factor of 36 and 1284.
12
Calculate the greatest common divisor of 15 and 555.
15
What is the greatest common factor of 5 and 1105?
5
Calculate the greatest common factor of 63 and 7.
7
Calculate the highest common divisor of 1235 and 2565.
95
What is the highest common factor of 3115 and 490?
35
What is the greatest common factor of 305 and 61?
61
What is the highest common factor of 41 and 2829?
41
Calculate the greatest common factor of 10 and 1270.
10
What is the greatest common divisor of 105 and 861?
21
What is the greatest common factor of 7 and 4?
1
Calculate the greatest common factor of 56 and 56.
56
What is the greatest common factor of 33 and 5907?
33
What is the highest common factor of 38 and 19?
19
Calculate the highest common factor of 144 and 52.
4
What is the greatest common divisor of 255 and 15?
15
What is the greatest common factor of 496 and 62?
62
What is the greatest common divisor of 29 and 261?
29
Calculate the greatest common divisor of 68 and 1564.
68
What is the highest common divisor of 289 and 17?
17
Calculate the highest common factor of 27 and 15.
3
Calculate the greatest common divisor of 69 and 529.
23
Calculate the greatest common divisor of 3162 and 403.
31
Calculate the highest common divisor of 3886 and 29.
29
Calculate the greatest common divisor of 46 and 9154.
46
What is the highest common factor of 725 and 25?
25
What is the highest common divisor of 325 and 50?
25
What is the highest common factor of 17201 and 334?
167
Calculate the greatest common factor of 404 and 4.
4
What is the highest common divisor of 3211 and 152?
19
What is the greatest common divisor of 1364 and 132?
44
What is the highest common factor of 1251 and 9?
9
Calculate the greatest common divisor of 628 and 44.
4
What is the highest common factor of 144 and 132?
12
What is the greatest common factor of 385 and 616?
77
What is the greatest common divisor of 189 and 861?
21
Calculate the highest common factor of 3598 and 14.
14
What is the highest common factor of 1071 and 476?
119
Calculate the highest common divisor of 1066 and 65.
13
Calculate the greatest common factor of 64 and 14.
2
What is the highest common divisor of 1508 and 232?
116
What is the highest common divisor of 520 and 195?
65
Calculate the highest common divisor of 155 and 5.
5
Calculate the highest common factor of 96 and 312.
24
What is the greatest common divisor of 126 and 3934?
14
Calculate the highest common factor of 64852 and 124.
124
What is the greatest common divisor of 126 and 336?
42
What is the greatest common factor of 391 and 115?
23
Calculate the greatest common divisor of 15 and 81.
3
Calculate the greatest common divisor of 81 and 40419.
81
W